inder when z(-2) is divided by n?
3
Let l(c) = -71*c**3 - 2*c**2 - c. Suppose -r - r + 27 = 3*j, -3*r - 3*j = -45. What is the remainder when l(-1) is divided by r?
16
Let z(k) = 7*k. Suppose -108*v - 9 = -56*v - 55*v. What is the remainder when z(1) is divided by v?
1
Suppose 0 = -64*m + 66*m - 174. Suppose -4*z + 87 = 3*o - m, 0 = 4*o - 3*z - 232. What is the remainder when o is divided by 20?
18
Suppose 0 = -4*c + 138 + 22. Calculate the remainder when 318 is divided by c.
38
What is the remainder when (70 - 1) + 2*-1 is divided by ((-168)/16 + 2)/(-2) - (-33)/44?
2
Suppose 29*s - 220 = 24*s. Calculate the remainder when s is divided by 34.
10
Let y(x) = x**2 + 28*x + 19. Let h be y(-23). Let n = -71 - h. Suppose 30 = 5*t - 35. What is the remainder when n is divided by t?
12
Suppose 0 = 2*u + 22. Let g = 15 + u. Suppose -g*o = -11 - 29. Calculate the remainder when o is divided by 3.
1
What is the remainder when -1*(3 - (-2 + -20))*-1 is divided by 11?
3
What is the remainder when 210 is divided by (-216)/(-2)*((-22)/4 - -6)?
48
Suppose -5*q = 5*s - 175, -5*q + 6*q + 25 = s. What is the remainder when 199 is divided by (s/3 - 5) + 45?
49
Suppose 9*h + 6 = 12*h. Suppose h*r = 2*u - 20, 5*u + 0 = 2*r + 53. Calculate the remainder when 18 is divided by u.
7
Suppose -31*g = -245 - 2452. Calculate the remainder when g is divided by 7.
3
Let m be (0 - -2)/(3/(3/1)). Suppose 144 = m*r - 2*a, -a = -4*r + 271 + 32. What is the remainder when r is divided by 26?
25
Let z(i) = i**3 - 27*i**2 - 94*i + 134. Calculate the remainder when 250 is divided by z(30).
12
Suppose -4*f = n - 4*n + 486, -5*n - f = -787. Let d = 160 - n. Suppose -6*g + 8 = -2*g, 19 = 3*q + 2*g. Calculate the remainder when q is divided by d.
1
Suppose -4*q - 28 = -4*y, -4 + 12 = 2*y + 4*q. Suppose y*o = o. Suppose o = -5*c + 6*t - 4*t + 52, t = c - 11. Calculate the remainder when c is divided by 3.
1
Calculate the remainder when 144 is divided by ((4 - 7)/(-3))/((-1)/(-35)).
4
Let a(f) = 2*f**2 - 7*f - 1. Let v = 3 + 2. What is the remainder when 58 + -3 + (2 + -1 - 1) is divided by a(v)?
13
Let u = 191 + -72. Suppose 2*p - 124 = -5*l, -56 = -3*l + l - 4*p. What is the remainder when u is divided by l?
23
Suppose -2*w = -0*w + 4*g, 13 = 4*w - 5*g. Suppose 4*x - 3*d - 241 = 0, -x + 5*x - 242 = w*d. What is the remainder when x is divided by 16?
13
Suppose -3*s - 2*s + 50 = 5*b, 2*s - 5*b - 13 = 0. Let g(c) = -s - 3*c + 0*c + 2*c - 6*c - c**3. What is the remainder when g(-4) is divided by 42?
41
What is the remainder when 106 is divided by (-10)/(-12) + 193/6?
7
Suppose 148 + 44 = 3*o. Let t = o - 24. Suppose -2*g - 130 = -5*i + 255, 154 = 2*i + g. Calculate the remainder when i is divided by t.
37
Let k = -22 + 113. Calculate the remainder when k is divided by 20.
11
Let j(g) = g**2 - 11*g + 15. Let z be j(10). Suppose -1 + 16 = z*i. Calculate the remainder when 5 is divided by (i - 1)/(42/105).
0
Let i be -3*(-2)/6*4. Suppose -4*k = h - 129, -h = -4*k + 6*k - 63. Suppose -i*b + k = -3. What is the remainder when 26 is divided by b?
8
Let w(i) = 31*i**2 + 8*i + 11. Calculate the remainder when w(-2) is divided by 43.
33
Let k(m) = -23*m + 29. Let p be k(5). Calculate the remainder when (-6 + 2 - p) + 1 is divided by 30.
23
Suppose -16*l + 146 + 190 = 0. What is the remainder when (0 - 1)/((-3)/186) is divided by l?
20
What is the remainder when 1/(-7) + (-22241)/(-161) is divided by 14?
12
Let b(o) = 2*o - 18. Let j be (3 - 1) + -2 + 17. Let p = 16 - -45. What is the remainder when p is divided by b(j)?
13
Let p(d) = 7*d**2 - 8*d + 4. What is the remainder when p(3) is divided by 11?
10
Let x be 28/21 + 2/(-6). Let k(v) = -v**2 + 2*v - 1. Let q be k(x). Suppose -3*h + 6 = -q*h. Calculate the remainder when 4 is divided by h.
0
Let g be (-84)/(-20) - 6/30. Suppose 0*w - g*z = -w + 36, -5*z - 10 = 0. What is the remainder when 195 is divided by w?
27
Suppose -9 = k + 3*y - 6*y, -k - 2*y = -6. What is the remainder when 9 is divided by -1*(-4 + k - 0)?
1
Suppose 11*g = 4*g + 56. Let y(i) = -i. Let w(x) = -4*x + 10. Let f(z) = -w(z) + 2*y(z). Calculate the remainder when 15 is divided by f(g).
3
Suppose q = -85 - 5. What is the remainder when 95 is divided by 20/q + 598/18?
29
Let m(j) = j**3 - 11*j**2 + 21*j - 11. Let n = 5 + 10. Let x = n - 6. Calculate the remainder when 46 is divided by m(x).
14
Let n be 6/(-9) + (-663)/(-9). Suppose 0 = -2*g + 45 + n. Calculate the remainder when g is divided by 12.
11
Let f = -13 + 72. Suppose 2*a + f = 4*u + 23, -3*u = -3*a - 27. Let x = u - -23. Calculate the remainder when 126 is divided by x.
30
Suppose -14*w + 198 = 16. Calculate the remainder when 39 is divided by w.
0
Let p = 1 - -5. Let k = -3 + p. Let u(t) = 18*t. Calculate the remainder when u(k) is divided by 14.
12
Calculate the remainder when (-2 - (-30)/12)*2 + 50 is divided by 8.
3
Suppose d = -2*k + 237, -17*d = -13*d + k - 913. Calculate the remainder when d is divided by 48.
35
Calculate the remainder when ((-25)/(-3))/(144/4320) is divided by 11.
8
Let t be ((-3)/3)/(3/12*-2). Suppose t*j + 111 = 4*p + j, 4*p + 3*j - 131 = 0. What is the remainder when p is divided by 15?
14
Suppose 276 = 8*t + 44. Calculate the remainder when t is divided by 1*-15*(-2)/2.
14
Let u = -1171 - -1478. Calculate the remainder when u is divided by 96.
19
Suppose -2*g + 2*p = -4*g + 30, -p = 3*g - 47. Calculate the remainder when g is divided by (54/30)/(1/5).
7
Suppose -328 - 100 = -4*g. What is the remainder when g is divided by (-8 - 46)*(-2)/4?
26
Let i(m) = 2*m. Let c be i(1). Suppose 4*r = c*r + 114. Suppose 3*q - r = -9. Calculate the remainder when q is divided by 9.
7
Let f(t) = 2*t - 6. Let q be f(0). Let z(l) = -2*l + 2. Let u(k) = -k**3 + 6*k**2 - 6*k. What is the remainder when z(q) is divided by u(4)?
6
Suppose 0 = -544*t + 553*t - 45. What is the remainder when (-2 - (0 + -18)) + 0 is divided by t?
1
Suppose 0 = 2*i - 17 - 5. Let q(d) = 37*d - 53. What is the remainder when q(2) is divided by i?
10
Suppose -4*j + 15 + 13 = 0. Calculate the remainder when j is divided by 3.
1
Let m(t) = -t**3 + 9*t**2 + 12*t - 6. Let j = 122 - 112. Calculate the remainder when 47 is divided by m(j).
5
Suppose -22 = -k - 6. Let c = -1 + k. Calculate the remainder when 29 is divided by c.
14
Let h be 506/33 - (-2)/3. Suppose 5*t - 45 = -2*m, 3*t + 37 = 2*m - h. Let w(d) = 8*d - 8. Calculate the remainder when w(10) is divided by m.
22
Let l(r) = r**3 - 9*r**2 + r - 7. Let z be l(9). Suppose 34 + 14 = z*g. What is the remainder when 61*2 - (4 - 1) is divided by g?
23
Suppose 0 = 6*y - 19*y + 39. Calculate the remainder when 43 is divided by y.
1
Suppose -4*d + 10 = 4*q - 2, -5*d = -3*q - 55. Suppose -c + 1 = -d. What is the remainder when 17 is divided by c?
8
Let i(h) = 20*h**2 - 15*h + 8. Calculate the remainder when 400 is divided by i(2).
52
Suppose -2*y = 14 + 4. Let w be -2 + -3*12/y. What is the remainder when ((-22)/(-4))/(w/12) is divided by 18?
15
Let g = -5 + 27. Let o(s) = -s**3 - 6*s**2 - 4*s + 8. Let j be o(-7). Calculate the remainder when (-11)/(33/(-6)) + j/1 is divided by g.
21
Let j = -824 - -1155. What is the remainder when j is divided by 68?
59
Suppose 386 = 4*p - 762. What is the remainder when p is divided by 97?
93
Let p = -724 - -777. What is the remainder when 92 is divided by p?
39
Suppose -5 = 2*j + z - 16, 0 = -5*j + 5*z + 5. Suppose 0 = -2*y + y + 4*k + 24, -2*y - 5*k = j. Calculate the remainder when 21 is divided by y.
5
Suppose 172*c - 64940 = 104*c. Calculate the remainder when c is divided by 29.
27
Let t = -84 - -140. Let u = -38 + t. What is the remainder when u is divided by 5?
3
Suppose 12*a + 5*t - 134 = 10*a, -5*a + 302 = -4*t. What is the remainder when 675 is divided by a?
55
Let w(p) = -p**2 + 32*p + 36. Calculate the remainder when w(26) is divided by 39.
36
Suppose -4 = 2*f - n, -4*n + 17 = f + 1. Let c = -1 + 21. What is the remainder when 4*-1 - (-83 + f) is divided by c?
19
Let r(c) = c**2 - 5*c + 7. Calculate the remainder when 1*(-1 - (-3 + 0 - 53)) is divided by r(5).
6
Suppose -5*c + 32 = -38. Suppose -c*f = -17*f + 42. Calculate the remainder when 26 is divided by f.
12
Suppose 0 = 9*b - 34 - 2. Suppose b*l = 9*l - 50. What is the remainder when